
3
Let q(w) = -2*w - 1. Let z be q(-3). Suppose -m - 2 + z = 0. Suppose -5*a = 3*t - t - 80, m*a + 2*t = 52. What is the units digit of a?
4
Let m(b) = b - 2. Let h(r) = r - 1. Let k(t) = -2*h(t) + 3*m(t). Let x be k(6). Suppose 3*i - o - 91 = 3*o, x*o - 56 = -2*i. What is the tens digit of i?
2
Let w(b) = 23*b + 2. Let g(v) = v. Let t(m) = 2*g(m) - w(m). What is the tens digit of t(-6)?
2
Let v be 0 + (-1 + 2)*20. Suppose -4 = -3*b + v. Suppose 3*j = b*j - 170. What is the units digit of j?
4
Suppose 3*r + 1290 = 8*r. Suppose 4*z = 46 + r. What is the units digit of z?
6
Suppose -4*w - w - 5 = 0, 1 = 2*n + w. Let v be 3/(2/n + -3). What is the units digit of -8*v/(-6) - -5?
1
Suppose -w + 3*j - 5 = 15, -4*j + 35 = -3*w. What is the tens digit of 156 - (-1 + w + 4)?
5
What is the tens digit of (-13)/(-13)*((592 - 2) + -3)?
8
Suppose -5513 = -13*o - 664. What is the hundreds digit of o?
3
Let r(f) = -3*f**3 + 4*f**2 - f + 2. Let g(i) = 4*i**3 - 5*i**2 + i - 3. Let k(c) = 2*g(c) + 3*r(c). What is the tens digit of k(-2)?
1
Let z(r) = r**3 + 3*r**2 - 2*r - 4. Let n be z(-3). Let h(c) = 8*c**2 - 4*c + 1 + 2*c**n - 6*c**2. What is the tens digit of h(3)?
2
Suppose 110 = 4*z - 26. Let s = 22 + z. What is the tens digit of s?
5
Let l(o) = 3*o**2 - o**2 - 2*o**2 - 3*o + o**2. Let w be l(3). Let s(a) = a**2 - a + 30. What is the tens digit of s(w)?
3
Let c be 1 - (6 - 2) - (-8 - 1). What is the tens digit of (594/c)/(-1 + (1 - -1))?
9
Let k be (-16)/20 + (-268)/(-10). Let l = 30 - k. Suppose 12 = -l*d + 24. What is the units digit of d?
3
Suppose 3*n - 336 - 108 = 0. Let o = 229 - n. What is the units digit of o?
1
Suppose 0 = -4*b + 2*j + 378, -3*j = b - 8*j - 81. Suppose -12*x + b = -11*x. What is the tens digit of x?
9
Suppose -9*l + 5*l - 8 = 0. What is the tens digit of ((-2)/l)/(2/82)?
4
Suppose -4*i + h + 49 = 0, 20 = -0*h - 4*h. Suppose 0 = -12*d + i*d. Suppose 3*p = -4*w + 30, d = -3*w - 4*p - 10 + 29. What is the units digit of w?
9
Let s = 264 + -155. Suppose -m + 9 = -s. What is the units digit of m?
8
Suppose 4*s + 3138 = 2*a, 515 + 1060 = a + 4*s. What is the units digit of a?
1
Suppose 5*h = -3*o + 9 + 1776, 0 = 2*o - 2*h - 1206. Suppose -3*c = c - o. Suppose -5*d = 5*u - c, -4*u + 5*d + 69 + 51 = 0. What is the units digit of u?
0
Suppose 0 = -d - u - 0*u - 35, -4*d = -5*u + 131. Let g = d + 114. What is the units digit of g?
0
Let a(u) = -353*u + 481. What is the tens digit of a(-7)?
5
Let m be ((-56)/21)/(((-28)/(-30))/7). Suppose -2*r + 0*r = -88. Let c = r + m. What is the units digit of c?
4
Suppose -24 - 16 = -c. Let f = -37 + c. What is the units digit of f?
3
Let z = 22 + -17. Suppose 3*i - 380 = 4*n, i - 4*n - 127 = z. What is the tens digit of i?
2
Suppose -f - 4 = -3*f - 4*t, -4*f = t - 8. Suppose -f*b - 3*b + 90 = 0. What is the units digit of b?
8
Let w(t) = -t**2 + t + 3. Let m be w(0). Suppose -m*x + 182 = -x. What is the tens digit of (-26)/x - 233/(-7)?
3
Suppose 0 = 3*t + 15*r - 12*r - 513, 2*t - 4*r - 354 = 0. What is the units digit of t?
3
Suppose 5*d = 3*k + 8665, 0 = 2*d + 2*d - 5*k - 6945. What is the tens digit of d?
3
Let q = -1429 + 2341. What is the tens digit of q?
1
Suppose -3*w + 0*w + 5*m + 2709 = 0, -w = -4*m - 910. What is the hundreds digit of w?
8
Let m be (6/5)/(-3*(-3)/(-30)). Let z(v) = 4*v**2 + 5*v + 9. What is the units digit of z(m)?
3
Suppose -5*q = 3*g + 2124, 4*g + 844 = q - 3*q. What is the tens digit of 7/((-21)/q) + 2?
4
Let p(x) be the third derivative of 11*x**5/60 - x**4/12 + 23*x**3/6 - 7*x**2. What is the units digit of p(-5)?
8
Suppose 7*t = -2*j + 5*t + 2996, 1502 = j + 5*t. What is the tens digit of j?
9
Let w(r) = 16*r**2 - r + 1. Let s be w(-1). Let l = s + 28. What is the tens digit of l?
4
Suppose -5*o - 37 = 2*x, 25 = -o + 4*x - 0*x. Let n be 111/9 + (-6)/o. What is the tens digit of n - -1*(-3 + 0)?
1
Let h(j) = -49*j - 14. Let v = 30 - 35. What is the hundreds digit of h(v)?
2
Let k(j) = 4*j**2 + 10*j - 5. Let a(i) = -i**2 + 5*i + 19. Let y be a(8). What is the tens digit of k(y)?
4
Suppose -2655 = -10*y - 5*y. Let j(t) = 5*t**2 - 5*t - 3. Let d be j(-4). Let l = y - d. What is the units digit of l?
0
Let l(o) = -8*o**3 + 8*o**2 - 2*o - 1. What is the thousands digit of l(-6)?
2
Suppose 2*v - 5*v = 3*a + 6, 14 = -5*a - 3*v. Let s = a - -9. Suppose -4*z = 4*l - z - 217, 263 = s*l + z. What is the units digit of l?
2
Let q(l) = -l**2 - 7*l - 15. Let u be q(-6). Let h be 2/(((-36)/160)/u). Let m = h + -41. What is the units digit of m?
9
Suppose 0 = -11*z - 24*z + 36645. What is the hundreds digit of z?
0
Suppose -g = 3*q - 40 + 8, 5*q + 2*g - 54 = 0. Suppose -r - 7 = -q. Suppose n - 3 = -r*t + 4*t, 3*t = 12. What is the units digit of n?
7
What is the units digit of (13 + 2)*(3104/3)/16?
0
Let u(a) = 27*a**3 + 2*a**2 - a - 2. Let x be u(-1). Let z = -15 - x. Let h = 1 + z. What is the tens digit of h?
1
Let u = 203 + 332. What is the hundreds digit of u?
5
Let z(w) = -123*w - 252. What is the tens digit of z(-4)?
4
Let o = 7 + -5. Let j(y) = 12*y**2 - y - 2. Let k be j(o). Suppose -5*h + 3*h = -k. What is the tens digit of h?
2
Let l = -47 + 463. What is the units digit of l?
6
Suppose 0 = 4*b + l - 317, 2*l = -5*b - 3*l + 400. What is the tens digit of b?
7
Let q(y) = 22*y**3 - 24*y**3 + 51*y**3 + 2*y - 1. What is the units digit of q(1)?
0
Let s be (1/(-3))/(1/(-15)). Suppose 2*i + s*w = -22 + 7, -w - 15 = -2*i. What is the tens digit of (10/(-3))/(i/(-15))?
1
Let w be ((-8)/(-10))/(2/20). Let q(y) = y**3 - 6*y**2 - 4*y - 10. Let t be q(7). Suppose -t*f + w*f = -42. What is the units digit of f?
4
Suppose -5*z + 4*f - 4 = 4, 0 = -3*z - 4*f + 8. Suppose -7*i = 3*s - 2*i, 4*s + 3*i = z. Suppose -2*k = -s*k - 46. What is the units digit of k?
3
What is the units digit of (6/6)/((-5)/(-1465))?
3
Suppose -2*g - 35 = 3*o, o - 4 = 3*g - 1. What is the units digit of 88/32*(-1 - o)?
2
Suppose -38*j + 5616 = -22*j. What is the tens digit of j?
5
Suppose 20 = -52*v + 57*v. Let r = 23 - v. What is the tens digit of r?
1
Let s = 387 + -28. What is the units digit of s?
9
Suppose -o = -3*o - 14. Let s be (o/(-21))/(2/30). Suppose -2*q = s*j + q - 314, -168 = -3*j + 5*q. What is the tens digit of j?
6
Let b(h) = 2*h**3 - 13*h**2 - 11*h + 61. What is the hundreds digit of b(10)?
6
Suppose -21*h - 16478 + 47642 = 0. What is the thousands digit of h?
1
Let s(r) = 16*r + 2. Let t(y) be the third derivative of -5*y**4/8 - y**3/3 - 5*y**2. Let i(v) = -5*s(v) - 6*t(v). What is the units digit of i(3)?
2
Suppose -s + 51 = -12. Suppose p - s = 9. What is the tens digit of p?
7
Let m = -31 + 34. Suppose u - 22 = 2*p, -7*u = -m*u + 2*p - 88. What is the tens digit of u?
2
Suppose -4*l + 23 = -33. Suppose 0 = -4*y - l + 6. What is the units digit of (-46)/(-5) - y/(-10)?
9
Suppose 23*h = 35*h - 2184. What is the tens digit of h?
8
Let i(k) = 819*k**2 - k + 2. Let a be i(1). Suppose 349 = 2*f + 3*q, 3*f + 2*f - 3*q - a = 0. What is the tens digit of f?
6
Let g = 22 - 19. Suppose g*y = y - 58. What is the units digit of (-4)/18 + y/(-9)?
3
Suppose 6*c - 44 = -62. Let t(r) = -12*r**2 + 20*r + 23. Let m(z) = -4*z**2 + 7*z + 8. Let o(h) = 11*m(h) - 4*t(h). What is the tens digit of o(c)?
4
Let z be 2*(0 - (-34)/4). Let o = z - 19. What is the tens digit of (-1 - o)/(1/26)?
2
What is the units digit of 7*60/24*(54 - -2)?
0
Suppose 0 = i - 5*c + 6*c - 150, -i - 5*c = -158. What is the tens digit of i?
4
Let c(v) = -v**3 - 16*v**2 - 8*v - 32. Suppose -5*o + 44 - 124 = 0. What is the tens digit of c(o)?
9
Suppose -2*w = -3*n + 22 + 8, -5*n - 3*w + 31 = 0. Let h(o) be the first derivative of o**4/4 - 7*o**3/3 - 9*o**2/2 + 12*o + 5. What is the units digit of h(n)?
4
Let r = 24 + -25. What is the tens digit of r/2*(-189 - 9)?
9
Suppose -4*a = t - 285, 2*t - 5 = -3*t. Let s = 164 - a. What is the tens digit of s?
9
Suppose 0*z + 4*q - 16 = -4*z, -2*z + q = -8. Let o = -8 + 13. Suppose 0 = -o*y + z*n - 9*n + 120, 3*y = -n + 76. What is the tens digit of y?
2
Suppose -2*c + d + 10 = 0, -5*c + 0*d + 22 = -d. Suppose n = -s + 48 - 11, 0 = -2*s + c*n + 74. What is the units digit of s?
7
Let i(u) = u + 7. Let r be i(-5). Suppose 0 = a - 0*a - r*w - 34, -4*w + 52 = 3*a. What is the units digit of a?
4
Let t(o) = 